 -8 - 4 - -19 - 5.
2
Calculate (-9 - -1) + -11 + 0 + 0.
-19
Evaluate -10 + -22 + 14 + (-15 - (-5 - 5)).
-23
Evaluate 0 - -7 - (10 - (-2 + (-3 - -13))).
5
What is the value of (9 - -2) + (6 - 11)?
6
What is the value of 47 + -45 + 2 + 8?
12
Calculate (21 - 21 - 12) + 9.
-3
Evaluate 6 + (2 - (12 + -7)).
3
What is ((-39 - -18) + 1 + 9 - -11) + -7?
-7
What is the value of (-1 - (-8 + (6 - -8))) + 12?
5
What is (39 - 45) + (1 - 3) + -8 + 21?
5
What is the value of -12 + (-10 - -24) - -1?
3
What is (8 + 13 + -6 - 32) + -2?
-19
What is the value of 2 + -1 + 12 + -11?
2
Evaluate -28 - (-11 + -15 + 10).
-12
What is 5 + 5 - -3 - 5?
8
Calculate 3 + 1 - -2 - (-35 + 18).
23
Calculate (1 - 2) + (6 - (2 + -10 - -5)).
8
Calculate (-65 - -77) + (-2 - (8 - 2)).
4
Evaluate -31 - (-11 + 18 + -6).
-32
(-1 - -4 - 12) + (2 - 4)
-11
What is 24 + (-26 - (15 + -40))?
23
What is the value of -1 + -3 + 2 + 4 + -8 + 7?
1
Evaluate -7 + 11 + (6 - (9 + -2)).
3
What is 22 + (-163 - -169 - (-1 - -19))?
10
-3 + -1 - (10 - 21 - (-16 - -10))
1
28 + (0 - (-1 + (-9 - -12)))
26
Evaluate -2062 - -2092 - (0 + 3).
27
What is the value of 3 - (39 + -18 + -33)?
15
Calculate 6 - ((20 - 11) + 5 + (0 - 2)).
-6
Calculate (9 - -2) + -20 + -1 + 6.
-4
What is 12 - (-2 + 2) - (-1236 - -1223)?
25
What is 10 + 3 + (-35 - -30)?
8
What is the value of 68 + (-3 - 75) - (-3 - (1 - 1))?
-7
Evaluate 1 + 3 + -2 - 4 - (37 - 37).
-2
Evaluate (47 - -20) + -40 + (2 + -3 - 7).
19
Evaluate 1 + 8 + (2 - -1) - (3 + -1).
10
What is 29 - -25 - 26 - (13 - -3)?
12
10 - (-4 - (-7 - (-9 - -12)))
4
What is (-5 - (5 + -11)) + -6?
-5
What is the value of -1 + (21 - (-6 + 26))?
0
Calculate 21 + -21 + 3 + -3 - -3.
3
What is -61 - -62 - (1 + -29)?
29
What is -2 - (-9 - 1 - 2) - (0 + -3)?
13
Evaluate 34 + -30 + (-2 - 3) + (-13 - -2).
-12
Calculate -12 - ((-5 - (0 + 3 + -9)) + -3).
-10
What is the value of -4 + (8 - (7 + -20 + -18))?
35
-8 + 10 + -2 + 9 + -9 + 8
8
Calculate -7 - (-3 + 1 + (-2 - (-1 - -1))).
-3
What is the value of 11 + -7 + (-13 - -15 - -12)?
18
0 + 14 + 28 + -48
-6
-4 - (8 + (-5 - -4) - (4 + -1))
-8
(-9 - 0) + (-19 - -26)
-2
Evaluate (791 - 789) + (1 - (17 + 1)).
-15
What is (16 - (18 - 7)) + (1 - 3 - -7)?
10
-8 - (-2 - (7 + 0 + -8 - -3))
-4
Evaluate 18 - (3 + 10 + 3 + 5 - 11).
8
What is 17 - (-9 - (11 - 48))?
-11
Evaluate -4 + 5 + (22 - (89 - 31)).
-35
Calculate (-14 + 3 - 0) + -62 + 73.
0
Evaluate -3 + 5 + -4 + -9 + 16 - 5.
0
What is the value of -11 - (20 + -20 + (3 - 4 - -7))?
-17
16 + -5 + -4 - 3
4
Calculate 617 + -607 - (35 + -2).
-23
Calculate 8 + 13 + (7 - (-15 - -63)).
-20
Evaluate -1 + -23 + (5 - -38).
19
What is the value of -1 - (1 + -4) - 6 - -14?
10
What is the value of 5 + 7 + (8 - 7) - 27?
-14
What is the value of 7 - 14 - -1 - 2?
-8
What is the value of -29 - (-8 + 2 + -6 + 7)?
-24
What is 24 + (2 - 5) + -35?
-14
What is the value of -49 - -24 - (-17 + 4)?
-12
Calculate (3 - -1) + -27 + (-26 - -57).
8
What is the value of (-20 - (9 + -22)) + -1 + 9?
1
-1 - 8 - (-1 + -12)
4
Calculate 7 - (32 + -20) - 13.
-18
98 + -91 - (-1 + 2 + 0)
6
Calculate -9 - (-19 - (6 + -19)).
-3
What is the value of -6 + -8 - -7 - (-3 - (17 + -2))?
11
Evaluate 1 + -17 + -2 + -169 + 165.
-22
0 - (-4 + (-8 - -2) + -4)
14
Calculate 10 + 22 + 16 + -35.
13
-7 + (-7 - ((7 - 5) + 5 + -8))
-13
Calculate 8 - (-5 - 17) - 17.
13
Calculate (-30 - -24) + (-22 - 0).
-28
What is (12 - 3) + 1 + -16?
-6
Calculate -161 + 153 + (4 - -2).
-2
0 + 2 - (-163 - -134)
31
What is the value of -7 + -1 - 10 - -11?
-7
Evaluate 11 + (22 - 22) + 3 + 0.
14
What is -3 + (-2 + 10 - (-14 + 24 + -14))?
9
What is the value of -34 + (69 - (33 - 15))?
17
Calculate 4 + -9 + (-14 - -6).
-13
Evaluate (-11 - (-34 - -24)) + (1 - 1) + 4.
3
Calculate -22 + 38 + -9 + (3 - 5) + 31.
36
Evaluate -12 - (1 + -10) - (1 + 12).
-16
Calculate 8 - 13 - (0 + 13) - -8.
-10
Evaluate (-4 - -6 - (0 - 0)) + -4 - -5.
3
Evaluate -4 + ((20 - 6) + -7 - 2) + -8.
-7
What is the value of -3 + 7 + (7 - 23 - -7) + 5?
0
(3 - 2) + 0 - (-8 - (15 - 5))
19
(-17 - -10) + 34 - -9
36
Calculate 2 + -26 + 57 + -55.
-22
Evaluate -22 + 10 + 25 + -19.
-6
What is 10 + 0 + -1 + -770 + 763?
2
-35 - ((-25 - (-7 - -10)) + 15)
-22
What is the value of -24 - (-2 - -9 - 9) - -9?
-13
What is -1 - (6 - -2 - 7 - 9)?
7
Evaluate 13 - -1 - (62 + -49).
1
14 - -16 - (-9 - (-3 + -7))
29
What is (-8 - (2 + -1 + -5)) + -26 + 20?
-10
Evaluate (39 - 45) + -25 + 52.
21
What is the value of -11 + 4 + -8 + 17?
2
-1 + -2 + 24 + 12 + -11
22
0 + 31 + -14 + -7 + -34
-24
What is the value of (-7 - 10) + -67 + 57?
-27
What is the value of (3 - -8) + (-13 - (-10 - -29))?
-21
Calculate 25 - (48 + -25) - 38.
-36
What is -8 - 2 - -1 - (-47 - -29 - 7)?
16
What is the value of (17 - (67 - 20)) + 9?
-21
Evaluate (9 - (4 + -1)) + (48 - 44).
10
What is (20 - -11 - 39) + 3 + 0 + 3?
-2
Calculate 38 - (-15 + 28 + -6).
31
Evaluate -1 + (-13 - -23) + -17.
-8
Evaluate -5 + (33 - 18 - 5).
5
What is 2 + 8 + (-10 - (4 + -1 + -8))?
5
Calculate -44 - -50 - (3 + (-1 - (-1 + 1))).
4
(1 + -1 - -1) + 1 + (-964 - -961)
-1
What is (-1 - -9) + 34 - 25?
17
What is the value of 3 + 43 - (13 - (-2 - (-10 - -5)))?
36
What is the value of (6 - 7) + 10 + -3 + -8 - 8?
-10
Evaluate -39 - (-14 - -36 - 50).
-11
Calculate (27 - 17 - 14) + 17.
13
What is -13 - ((-21 - -14) + (2 - 1) + -2)?
-5
Evaluate (50 - (15 - -5)) + -8.
22
Calculate (77 - 31) + -50 + (1 - (0 + 2)).
-5
What is -1 + (7 - 3) - (-23 + 26)?
0
What is -5 - (14 + -12 - (0 - (-2 + 2)))?
-7
What is (-13 + -13 - 0) + -1 + 2 - -8?
-17
Calculate 14 - (-3 - 5 - (-8 - 1 - -5)).
18
(-7 - -13) + 20 + -14
12
Calculate -7 + -7 + 1 + 12.
-1
What is the value of -3 + 3 + -6 - (-6 + 11 + 7)?
-18
What is the value of -7 + -11 + (-13 - -8) - 1?
-24
What is 1 - (17 + (-7 - (7 + -10)))?
-12
1 + 1 + 7 + -6 + -7
-4
Evaluate -350 + 357 - (1 - 11).
17
3 + 20 + -13 - (0 - -8)
2
What is the value of -41 + 28 - (-1 + (-9 - -6)) - 3?
-12
Calculate 207 + -231 - (0 + (0 - -2) + -8).
-18
What is the value of 7 - (21 + -3 + -2 - 0)?
-9
What is 7 + -59 + 77 + -1 + 2 + 1?
27
What is -12 + (34 - (-10 + 26))?
6
Calculate -4 + 0 - -17 - (26 - 27).
14
Evaluate -18 - (-4 + -2 + -16).
4
What is the value of 1 + -1 + 84 + -88 + 4 - -7?
7
What is the value of -2 + -3 - (58 - 30 - 17)?
-16
What is the value of -14 + (4 - (0 + -21))?
11
What is (23 - (9 + -4)) + -1 + -6?
11
What is the value of 3 - (18 + (-1 - -2 - 7 - 5))?
-4
What is the value of -3 - ((-15 - -29 - 26) + -1)?
10
What is -10 + (-26 - -34) + 27 + 0?
25
-9 + 3 + -8 + 13 - 4 - 5
-10
What is 27 + -21 + 2 + 8?
16
Evaluate 5 + -3 + -2 + -11 + (-7 - -13).
-5
1 + -5 + -24 + 45 + -36
-19
What is (3269 - 3260) + (8 - (2 - 0 - 4))?
19
What is the value of -3 - (2 - -22 - (6 - -1)) - -3?
-17
(3 - 6) + 2 - (-155 - -151)
3
Evaluate 18 + -28 - ((-4 - -5) + -1).
-10
(2 - ((105 - 95) + (-1 - 3))) + 9
5
Evaluate (30 - 80) + (5 - -20).
-25
Calculate -28 + (20 - (20 + -4)).
-24
What is -25 + -17 + 24 - 3?
-21
Evaluate 1496 + -1538 + (26 - 1).
-17
Evaluate -19 + 18 + -15 + 9.
-7
-28 + -6 + (-14 - -20) + 5
-23
Calculate (2 - (-6 - -3)) + -9 + -1 + 4.
-1
What is the value of -1 + 1 + 2 - 11 - -1?
-8
What is -9 - (-12 + 12 + -5 + 10)?
-14
What is the value of (-21 - -1) + 17 + -11 + 1 + 8?
-5
Evaluate (-49 - -9) + 3 + 70.
33
Evaluate -6 + 19 + -17 + 4.
0
-8 - (4 - 9) - -12
9
Evaluate -2 - -5 - (-132 + 119) - 3.
13
Calculate (-3 - -1) + 11 + -5 + 7 + -29.
-18
Evaluate 34 - (49 - (6 + 26)).
17
Evaluate -25 - (-66 + 9 + 2).
30
Evaluate -5 - (-31 + -2) - (188 + -195).
35
What is -6 + 13 - (4 + -3 + 6)?
0
Evaluate 1 + 24 + (-6 - -3) + (7 - 5).
24
What is the value of (-5 + (2 - (3 + -7)) - -7) + -9?
-1
What is (-19 - -37) + -2 + -4?
12
12 - ((19 + -24 - -14) + -19)
22
8 - (1 + -1 + -4) - 3
9
(-24 - (4 - (34 + -16))) + (21 - 0)
11
What is the value of 0 + 5 - (-70 - -47 - -22)?
6
What is the value of -11 - (-44 + (33 - 9))?
9
What is the value of (21 + -20 - 28) + 26?
-1
What is the value of (-3 - 2) + (27 + (3 - 9) - 8)?
8
Evaluate -6 - (0 + 8 + (-3 - 1)).
-10
Calculate 26 - (26 - 5) - 31.
-26
Calculate -3 + 7 + (4 - -3) + 3 - 6.
8
Evaluate 1 - ((5 - (-6 - (-14 + 7))) + 10).
-13
What is -1236 - -1212 - (-1 + -4)?
-19
Calculate -4 - (1 + -8 + -9 + 10).
2
Evaluate 5 + -14 - (-33 + 5 - (-2 - -1)).
18
(-33 